t common factor of 23 and p.
23
Suppose -8*x + 6*x = -66. What is the greatest common divisor of x and 3?
3
Let t = 36 + -27. What is the highest common factor of 18 and t?
9
Suppose -a = -g - 2*g + 32, 2*g = a + 23. Calculate the highest common factor of g and 99.
9
Suppose 0 = 13*m + 2*m - 195. Let b = -129 + 220. Calculate the greatest common divisor of m and b.
13
Suppose i = -2, 3*i = -3*z + 2*i + 10. Calculate the highest common factor of 20 and z.
4
Let h(n) = n**3 + 6*n**2 + 3*n + 3. Let t be h(-4). Suppose 51 - 465 = -2*r. Calculate the highest common divisor of t and r.
23
Suppose 0 = -5*g + 3*q - 0*q + 30, 14 = 3*g - q. Let l be 10/(-4)*((-24)/5)/4. Calculate the highest common divisor of l and g.
3
Let l(f) = 7*f - 1. Let m be l(4). Let q(x) = -x - 1. Let z be q(-7). Let k be z/15 - (-176)/10. What is the highest common divisor of m and k?
9
Suppose 4*y + 164 = 5*z, -2*z - 2*y + 61 = -1. What is the highest common factor of z and 16?
16
Let v(i) = 0 + 10*i**3 - 9*i**3 - 7*i**2 - 1 + 6*i. Let z be v(8). Let x be 1 - (-5)/(5/z). What is the highest common factor of 16 and x?
16
Suppose 1 - 7 = y. Let g = 11 + y. Suppose 5 = 3*n + 2. What is the greatest common divisor of g and n?
1
Let h be ((-18)/8)/(9/(-24)). Let l = 15 - 6. Calculate the highest common factor of h and l.
3
Let r(b) = -7*b - 2. Let n be r(-3). What is the highest common divisor of 19 and n?
19
Suppose 18 - 10 = d. What is the highest common factor of d and 64?
8
Suppose 0*u - 2*r - 59 = 3*u, 3*r = 5*u + 111. Let t be -225*(u/15 + 1). Calculate the greatest common divisor of t and 10.
10
Let d(s) = -s**3 - 2*s**2 - s + 4. Let g be d(-3). Let l = 4 - g. Let p be ((-9)/l)/((-2)/(-48)). What is the highest common factor of p and 9?
9
Let d(t) = -t**3 + 6*t**2 + t - 4. Let c be d(6). What is the highest common factor of c and 16?
2
Let g(z) = -z**2 + 7*z + 10. Let h be g(8). Suppose 4*f - h*f = 64. Let d = f + -23. What is the greatest common divisor of d and 45?
9
Let s = -8 - -16. Suppose -2*d - s + 31 = -u, -4*d = 5*u - 11. Suppose -3*h + 20 = -3*v - 19, -5*v - d = -h. What is the greatest common divisor of h and 14?
14
Let o be (-15)/(-10)*(-2)/(-3). Let c be o + 1 - (-7 - 1). What is the highest common factor of 2 and c?
2
Suppose -9 = -g - 0*g. Suppose 7*b - 55 = 8. What is the highest common divisor of g and b?
9
Let s(y) = y**3 + 9*y**2 - 11*y - 7. Let n be s(-10). Suppose -2*j - 1 = -x + 4*x, -n = 4*x + 3*j. What is the greatest common divisor of 24 and x?
3
Let x(a) = 9*a**3 - a**2 + a + 1. Let q be x(-1). Let n be (1/3)/(1/3). Let d be (q - n)/(7/(-7)). What is the highest common divisor of d and 121?
11
Let i be (-11)/44 - (-434)/8. What is the highest common divisor of 6 and i?
6
Suppose 13*i + 24 = 10*i. Let s = 19 - i. Calculate the highest common factor of s and 3.
3
Suppose -c = 10 - 12. Let m be c + -1 - (-15 + 2). What is the greatest common divisor of m and 35?
7
Let j(s) = -2*s**2 + 7*s + 8. Let q be j(8). Let z = -44 - q. Suppose 4*f + 0*f - z = 0, -5*g + 4*f = -575. Calculate the highest common divisor of g and 17.
17
Let z = -482 - -882. Suppose 0 = 4*s + 4 - z. Calculate the highest common factor of 11 and s.
11
Suppose -21*z = -23*z + 46. Calculate the greatest common factor of 46 and z.
23
Suppose 3*o + u + 4 = 12, 2*o - 3 = -3*u. Calculate the highest common divisor of o and 60.
3
Suppose 4*y = g + 437, 211 = 5*y + 4*g - 309. What is the greatest common factor of y and 27?
27
Suppose 2*h - 321 = 3*x, 5*h + 3*x - 514 = 236. Calculate the highest common factor of h and 17.
17
Suppose 0 = -3*l + 2*v + 8, -22 = -0*l - 3*l - 5*v. Let h = 7 - l. Suppose h*u + 0*u - 18 = 0. Calculate the highest common divisor of u and 6.
6
Let d be (0 + -1)/((-4)/(-1076)). Let p = 379 + d. What is the highest common divisor of p and 10?
10
Let d = -1 + 5. Let m = -5 + 10. Suppose k = 5*z - 3 - 2, -m*z = -4*k + 10. What is the greatest common divisor of d and z?
2
Let k be 8/32 + (-239)/(-4). Suppose 73 + 23 = 4*x. What is the highest common factor of k and x?
12
Suppose -25*o + 21*o - 28 = -2*n, -2*o = 2. Suppose 0*i + 16 = 2*i. What is the highest common factor of n and i?
4
Suppose 4*g + 3*m - 39 = 0, -3*m - 2 - 31 = -2*g. Suppose 0*q + 4*q = -g. Let f be q/5 + 115/25. Calculate the highest common factor of 1 and f.
1
Let v = 26 + -5. Let y = 17 + -3. Calculate the greatest common factor of y and v.
7
Suppose 3*x = 246 + 6. Calculate the greatest common divisor of x and 12.
12
Let c be (-124)/(-12) + 6/9. Suppose -6*r = -2*r - 44. Suppose -r*h + 7*h = -352. Calculate the highest common factor of h and c.
11
Let s be (-4)/6*60/(-8). Calculate the highest common factor of s and 35.
5
Let f be (-4)/(-6)*21/(-7). Let q be 38 - (4 + f + -4). What is the greatest common factor of q and 8?
8
Let p be 0/1 + (35 - 1). Suppose -c - 255 = -5*s, 0 = -4*s + 2*c + c + 204. What is the greatest common divisor of s and p?
17
Let l(z) = 3*z**2 + z - 5. Let n be l(3). Calculate the greatest common factor of 5 and n.
5
Let m = 0 - -8. What is the highest common factor of m and 12?
4
Let i be (-20)/6*(-12)/8. Let y = i + 13. What is the greatest common divisor of y and 18?
18
Let l be (3 - 3)*(-1)/2 + 16. What is the highest common divisor of 16 and l?
16
Let w be (-4)/(8/(-6)) - (-40)/10. Let i be (-2 - -2) + 1 - -13. What is the highest common factor of w and i?
7
Let t = 39 + 17. Calculate the highest common divisor of 8 and t.
8
Suppose 1 + 25 = 13*o. What is the highest common divisor of 2 and o?
2
Let c(b) = -6*b + 11. Suppose 4*p = -39 - 17. Let l = p - -5. Let w be c(l). Calculate the greatest common factor of w and 26.
13
Let y = 29 + -26. Let d(n) = 2*n**2 + n + 1. Suppose 2 = a + 3. Let m be d(a). Calculate the highest common divisor of m and y.
1
Suppose x - 3*x + 144 = 0. Let b = -1 + 19. What is the greatest common divisor of x and b?
18
Let i(y) = -141*y - 1. Let s be i(-1). Calculate the highest common factor of 20 and s.
20
Let u = 18 - -2. What is the highest common factor of 4 and u?
4
Let d be (-2)/(-9) - (-344)/72. Let i(q) = -9*q. Let j(t) = t. Let x(v) = 5*i(v) + 30*j(v). Let g be x(-3). Calculate the greatest common factor of g and d.
5
Let v(l) be the third derivative of l**6/120 - 2*l**5/15 + 5*l**4/24 - 5*l**3/6 + 3*l**2. Let i be v(9). Calculate the greatest common divisor of i and 11.
11
Let q(w) be the first derivative of w**3/3 - 9*w**2/2 + 5*w + 2. Let x be q(9). What is the greatest common divisor of x and 35?
5
Let w be (2 - 1)*(-2 + 1 + 9). Calculate the highest common divisor of 88 and w.
8
Let u(g) be the first derivative of 2*g**2 - 4*g + 3. Let d be u(6). What is the greatest common divisor of 10 and d?
10
Let p be -4*(15/6 - 3). Suppose 4*x - v - 43 = 50, 60 = p*x + 4*v. What is the greatest common factor of 6 and x?
6
Suppose 4*m + 3*g - 7*g - 16 = 0, -12 = -5*m + g. Let k = 10 - m. Suppose 0*q - 5*q = -320. What is the greatest common factor of q and k?
8
Suppose 2*r = r + 3. Suppose r + 0 = 3*j. Suppose -19 = -5*k + j. What is the greatest common factor of k and 4?
4
Let s be (-2889)/(-18) - 1/2. Suppose 6*l - l - s = 0. What is the greatest common factor of l and 80?
16
Let d be 5*(36/(-15))/(-4). What is the highest common divisor of d and 3?
3
Suppose 2*f - 14 = -s - 4, -2*s + 8 = 0. Let u be 22 + 4/4*f. What is the greatest common factor of 75 and u?
25
Let l be 1*(2 + -1 + -1). Let t(g) = -g**2 + 5*g. Let y be t(4). Suppose y*z = -l*z + 16. What is the greatest common factor of 20 and z?
4
Let y = 67 + -32. Suppose 10 + y = 5*a. What is the highest common factor of 9 and a?
9
Let z = -21 + 30. Suppose -2*j - z - 9 = -d, d = -3*j - 7. Calculate the greatest common factor of 4 and d.
4
Let y(a) = a + 2. Let q = 11 - 5. Let j be y(q). Let n be (2/(-4))/((-2)/j). Calculate the greatest common divisor of 1 and n.
1
Let w(o) = o**2 + o - 21. Let i be w(0). Let j be 16/24*i/(-2). Calculate the highest common factor of j and 28.
7
Suppose m - 164 + 10 = 0. Let o be m/(-33)*(-18)/7. Calculate the greatest common factor of 48 and o.
12
Suppose 6*r = 10*r - 88. Let m(p) = -p**2 - 7*p + 10. Let d be m(-8). Calculate the highest common divisor of d and r.
2
Let z(x) = 0*x + 4*x - 2*x - 3*x - 9. Let o be z(-11). What is the greatest common fact